pose -4*x - v - 1456 = x, -4*v + 16 = 0. Calculate the remainder when (-1)/(-2 - x/148) is divided by 15.
7
Let b(j) = -2*j**2 + 8*j - 8. Let h be b(4). Let l(w) = -3*w - 13. What is the remainder when 30 is divided by l(h)?
8
Let m be (-2)/2 + 1 + -4. Let k(i) = -i**2 + 21. Suppose 5*j - 30 = 5*r, -2*j = -6*j + 5*r + 27. What is the remainder when k(m) is divided by j?
2
What is the remainder when 162 is divided by 2 - (-3 - 42/7)?
8
Let s(n) = n**2 - n + 8. Suppose 0 = -82*w + 83*w. Calculate the remainder when 21 is divided by s(w).
5
Let z(h) = 4*h**2 + h + 184. What is the remainder when z(9) is divided by 18?
13
Let w = 12 + -7. Suppose 3*g = k + 2*k, -k - 4 = -w*g. Suppose -28 = -3*o - g. Calculate the remainder when o is divided by 6.
3
Suppose -3332 = 1732*v - 1749*v. What is the remainder when v is divided by 28?
0
Let y(w) = -2*w**2 + 8*w - 6. Let b be y(6). Let s = b - -39. Calculate the remainder when s is divided by 6.
3
Suppose -2*g = w - 1, -7 = -8*g + 9*g + 3*w. Calculate the remainder when 6 is divided by (1 - g)/(5/(-10)).
0
Suppose -3 + 30 = 3*b. Suppose 4*f - 6 = 6*f. Calculate the remainder when (-1092)/(-24) + f/2 is divided by b.
8
Suppose -l + 5*m + 10 = 0, -l - m = 3*m + 8. What is the remainder when l/1 + (-5 + 182)/3 is divided by 10?
9
Suppose 0 = -t - 5*y + 52, -3*t = -7*t - 3*y + 242. What is the remainder when t is divided by 44?
18
Suppose 0 = 2*n - 19 - 19. Suppose -n = 2*a - 69. Suppose -16*q = -12*q - 52. Calculate the remainder when a is divided by q.
12
Let r(g) = g**2 + 3*g - 1. Let w be r(-4). Suppose -w*t + 42 = 9. Calculate the remainder when 54 is divided by t.
10
Let q(h) = -25*h - 82. What is the remainder when 130 is divided by q(-5)?
1
Let k(v) = v**3 - v**2. Let l be k(2). Suppose -4*h - u = -81 - 22, -h + 13 = -l*u. Calculate the remainder when 1 + 3 + -3 + h is divided by 14.
12
What is the remainder when 52 is divided by (8 - 1)/(1/3)?
10
Let q be 12/(-8)*(-1 + 7). Calculate the remainder when (-597)/q - (-2)/3 is divided by 17.
16
Suppose -5*l + 5*z = -25, -3*l + z = -13 - 10. Suppose -29 = h + l. Calculate the remainder when (-6)/(4 - h/(-9)) is divided by 14.
13
Let h = 72 - 67. Suppose -h*g + 62 = 5*q - 3, -4*g + 3*q = -52. What is the remainder when 68 is divided by g?
3
Suppose -2*t = f + 9 - 33, -3*t + 36 = -4*f. Suppose -2*v = -2*x + 30, 40*v - 38*v = 10. What is the remainder when x is divided by t?
8
Let l(u) = 4*u**3 - 2*u**2 - 1. Let g be l(2). Suppose 23 = -3*s + 5*f - f, -2*s - 5*f = -g. Calculate the remainder when s/((6 - 1)/(-205)) is divided by 11.
8
Suppose -11*n + 1973 = 719. Suppose 5*x = x. Let k(z) = -2*z**2 + z + 23. What is the remainder when n is divided by k(x)?
22
Let v(x) = 2*x**2 - 48*x + 23. Calculate the remainder when v(24) is divided by 12.
11
Suppose 5*i = 4*i + 1. What is the remainder when 4 is divided by ((-2)/4)/(0 - i)*2?
0
Let n(z) = z + 25. What is the remainder when n(-6) is divided by 11?
8
Suppose 0 = 17*i - 22*i + 20. Let d = i - -1. Suppose u = -d*v + 100, -v = -10*u + 5*u - 20. Calculate the remainder when 38 is divided by v.
18
Let k(z) = z**3 - 11*z**2 + 3*z + 15. Suppose -41 - 84 = -5*j. What is the remainder when k(11) is divided by j?
23
Suppose q - w - 54 = 0, -5*q + 288 = -0*w + w. Calculate the remainder when q is divided by 29.
28
Let o(m) = 3*m**2 - 2*m - 1. Let a be o(2). Suppose 3*h = a*h. Let d(s) = -s**3 - s**2 + s + 28. Calculate the remainder when 81 is divided by d(h).
25
Suppose -5 = 5*o, 5*j - 5*o = 3*j + 13. Suppose 5*t - j*k + k = 73, 2*t - 24 = -4*k. What is the remainder when 49 is divided by t?
7
Let a = -804 - -1017. Calculate the remainder when a is divided by 6.
3
Suppose 59*n = 47*n + 228. Calculate the remainder when 1423 is divided by n.
17
Let p = 11 - 5. Let y(r) = -4*r**3 - 3*r**2 - 2*r + 2. Let j be y(-2). Suppose -11 - j = -4*g - d, 0 = -d - 3. Calculate the remainder when g is divided by p.
4
Calculate the remainder when (-11)/(330/(-144))*20 is divided by 34.
28
Suppose 4*z + 3*i - 25 = 0, 0*z + i = -4*z + 19. Suppose y + 4*y = -b + 37, -4*b + z*y = -52. Calculate the remainder when 25*2 + (2 - 3) is divided by b.
15
Let t(k) = -72*k - 31. What is the remainder when t(-4) is divided by 4?
1
Let x be 26/12 - (-4 - 200/(-48)). Suppose -100 = -5*m - k, -x*k = m + m - 32. What is the remainder when 246/3*1/2 is divided by m?
20
Suppose 3*w + 2*w = -20. Let p(h) = -2*h**3 - h**2 - 2*h - 1. What is the remainder when p(w) is divided by 30?
29
Let t(y) = -y**2 - 3*y - 3. Let i be t(-2). What is the remainder when 2*i*172/(-8) is divided by 11?
10
Suppose 0 - 3 = -3*n. Let g be ((-6)/(-12))/(n/4). Suppose 5*b + 10 = 4*q + 2, -g*b = 4*q - 36. What is the remainder when 11 is divided by q?
4
Let x be 99/36 + (9/(-4))/3. Suppose 8*v + 210 = 3*k + 5*v, -x*v + 185 = 3*k. What is the remainder when k is divided by 34?
31
Let h(y) = -y**2 - 9*y - 3. Suppose 751 = 30*f - 539. Calculate the remainder when f is divided by h(-6).
13
Let j(x) = -3*x**2 + 26*x - 11. Let f = 5 - -17. Calculate the remainder when f is divided by j(8).
2
Suppose z - 7*k + 2*k = -64, 5*k - 148 = 2*z. Let c = -147 + 271. Let u = c + z. What is the remainder when u is divided by 14?
12
Let p(j) = j**2 - 2*j + 39. What is the remainder when 328 is divided by p(4)?
46
Let v = -7 - -14. Suppose -26*a = -21*a - 155. Calculate the remainder when a is divided by v.
3
Suppose -3*d + 17 = 2*c, -c - 5*d = -7*d - 12. Let q = 23 - c. What is the remainder when q is divided by (-42)/(-9) + 6/(-9)?
1
Suppose 91 + 307 = 3*a - 2*v, 5*v = -4*a + 569. What is the remainder when a is divided by 36?
28
Suppose 1742 = 57*d - 1507. Calculate the remainder when 237 is divided by d.
9
Suppose 0 = d + 4*x - 12, -3*d - 2*x + 38 = -38. Calculate the remainder when 239 is divided by d.
15
Let k = -74 + 81. What is the remainder when 12 is divided by k?
5
Let q(p) = -31*p - 66. Calculate the remainder when q(-3) is divided by 6.
3
Suppose -2*y - 18 = -4*w + 18, -w + 14 = -3*y. Calculate the remainder when (-17 + 11)*1 + 34 is divided by w.
4
Let r be (-48)/(-9) - (5/(-3) + 2). Suppose r*p - 441 + 87 = -4*z, p = 3*z - 256. What is the remainder when z is divided by 45?
41
Let b = 0 - 15. Let j = 4 + 5. What is the remainder when (0 + -3)*b/3 is divided by j?
6
What is the remainder when 349 is divided by (-12)/8 + 1133/22?
49
Suppose 0 = -z + 10 + 3. Suppose 11*d = 5*q + 13*d - 238, 2*d + 12 = 0. What is the remainder when q is divided by z?
11
Let u = 2126 + -2109. What is the remainder when 315 is divided by u?
9
Suppose 3*w + 5*g = 2*w - 23, 4*g = -3*w - 14. Calculate the remainder when (w - (-20)/(-8))*-8 - -12 is divided by 13.
3
Let i = 109 + -96. What is the remainder when (34 + -2)*3/2 is divided by i?
9
Let s(a) = 2*a - 14. Let p be s(5). Calculate the remainder when 83 is divided by -2 + 5 - (-10 + p).
15
Let f = -26 + 43. Calculate the remainder when f is divided by -18*(2 + -1)*(-2)/4.
8
Let n = -213 + 250. Let r = 41 + -21. Calculate the remainder when n is divided by r.
17
Let n = 282 - 37. Suppose -2*i = -7*i + n. Calculate the remainder when i is divided by 13.
10
Suppose -174*j = -187*j + 4173. Calculate the remainder when j is divided by 145.
31
What is the remainder when -3*233/(-18) - (-2)/12 is divided by (-1)/(-1) - (-5 - -1)?
4
Let y(u) = -2*u**3 - 4*u**2 - u + 2. Let i = -447 - -464. What is the remainder when i is divided by y(-2)?
1
Let j = 68 - 27. What is the remainder when j is divided by (22/220*-55)/((-2)/8)?
19
Let s be (-61)/(-7) - ((-18)/14 - -1). Let b(k) = 2*k**2 - 9*k - 29. What is the remainder when b(s) is divided by 29?
23
Suppose 0 = -j + 58 + 21. What is the remainder when j is divided by 9?
7
Let p(s) = s**3 - 4*s**2 + 3*s + 4. Let o be p(3). Let v = o + 2. What is the remainder when (-1)/(1*1/(-17)) is divided by v?
5
Let w = 10 - -46. Suppose 13 = -a + c, 5*c + 62 = -4*a - 8. What is the remainder when w is divided by ((-87)/a)/((-4)/(-20))?
27
Let b(q) = -q**3 - 5*q**2 + 6*q - 1. Let p be b(-6). Let r(v) = v - 17. Let g be r(13). Calculate the remainder when (p + -8)/(3/g) is divided by 5.
2
Let f = 7 + 6. Suppose -4*p = 3*v + 3, -5*p - 5*v - f = -3. Suppose 2*y + p*y - 140 = 0. Calculate the remainder when y is divided by 8.
4
Sup